False
Suppose u - 2*u + 2066 = -2*k, -2*k = 2*u - 4102. Let i = u - -2797. Is i composite?
True
Let w(q) = q**3 - 18*q**2 + 6*q + 29. Let m be (0 + 2 - (-1 - 0))*5. Let j be w(m). Let u = 1241 + j. Is u prime?
False
Suppose -4*u = -y + 2977, 2*y + u + 3*u = 6002. Suppose -d + y - 44021 = 0. Is d/(-26) + (-8)/2 a composite number?
True
Suppose 11 = 10*d + 1. Let b be ((-8)/6*d)/(6/(-45)). Suppose b*v - 4869 = v. Is v a prime number?
True
Is (-6055786)/((-132)/6) + -12 prime?
True
Let z(w) = -15*w + 108. Let y be z(7). Suppose y*s = l + 3938 + 2816, -5*l - 2228 = -s. Is s composite?
True
Let q(b) = 6*b**2 - 2*b. Let x be q(1). Let m be 1 + 0 - (-261 - 0). Suppose 4*t + x*o = -t + 651, -2*o + m = 2*t. Is t a composite number?
False
Suppose 53*x = 54*x - 53794. Is x/30 + 4/(-30) a composite number?
True
Suppose -3130565 = -5*v - 3*l, 0 = -37*v + 32*v + 3*l + 3130565. Is v a composite number?
False
Let l be 146*17 + 0*6/(-96). Let o = l - -681. Is o composite?
False
Let k(r) = 2148*r + 7. Let d(x) = -3*x. Let i(g) = 4*d(g) - k(g). Is i(-1) prime?
True
Suppose 320533 = 5*p + 2*q, -36199 = -4*p - q + 220231. Is p prime?
True
Let c(n) = 9*n**3 + 61*n**2 - 53*n + 30. Is c(25) a composite number?
True
Is (13711907/(-22) + -9)/(45/(-18)) a prime number?
True
Let w = 693 - 700. Is ((-20652)/(-84))/(20/w - -3) prime?
True
Suppose -149*g + 14*g + 1747035 = 0. Is g a prime number?
True
Let f(n) = 9*n**3 + 2*n**2 + 14*n - 45. Let a be f(6). Suppose -v = -5*t + 3*t + 4096, -t + a = -4*v. Is t composite?
True
Let t = 24170 - 4797. Is t composite?
False
Suppose 2*k = 5*k - 972. Let y = -219 + k. Suppose 101*n - y*n = -716. Is n a composite number?
False
Suppose 7*q - 9*q = -4*c - 266, 5*q = c + 719. Let h be (63 - 1)*(-1 - 0). Let m = h + q. Is m a composite number?
False
Let w be (30/54 + (-12)/54)*21. Suppose -4*d = -3*n - w*d + 5043, -5*n + 8385 = -5*d. Is n composite?
True
Suppose 3*u + 38 = 74. Suppose -625 = -4*i + 3*i - f, 3*f + u = 0. Is i prime?
False
Let x = -137 - -1734. Suppose 954 = -0*w + 3*w + j, 5*w + 4*j = x. Is w a composite number?
False
Let y(l) = -l**3 - 8*l**2 - 17*l - 1. Let f be y(-3). Is f + (-4 - (5 - 1365)) a composite number?
False
Let d be -44 - 3*8/6. Let o = d - -75. Is (60/o)/10 - 8834/(-18) a prime number?
True
Let b = 472 - 467. Let o(d) = 50*d**3 - 7*d**2 + 11*d - 27. Is o(b) composite?
True
Suppose -13 = -4*o - 3*b, 5*b = 2*o - 12 - 1. Suppose -r - 5*a + o + 10 = 0, 2*r - 28 = -3*a. Is ((-33)/42 + 4/r)*-658 a prime number?
False
Suppose -38 = -2*o + 22. Suppose -3*m + 2*p - 32 = p, 5*m = -3*p - o. Is 4/(12/m) - (-4 - 1905) prime?
False
Let h(n) = 13311*n**3 + n**2 + 8*n - 21. Is h(2) composite?
False
Let p = -2357 - -3918. Is p prime?
False
Suppose -84739 - 89188 = -13*x. Suppose 0*w - 17*w = -x. Is w prime?
True
Suppose 0*y = 3*y - 6. Suppose 44198 + 12540 = y*h. Is h a prime number?
False
Let s = -6 - -31. Let c = s + -23. Is 4 + 569 + (5 - c) - 3 a prime number?
False
Let u(o) = -1455*o - 79. Let k be u(-17). Suppose 21*d = 5*d + k. Is d a composite number?
True
Let b = 170 + 111913. Is b a composite number?
True
Let h(q) = 12045*q**2 + 101*q + 421. Is h(-4) a prime number?
True
Let q = 94 + -51. Let d = q - 43. Suppose 6*y - 43 - 299 = d. Is y prime?
False
Suppose 9*m = 6*m + 5*u + 4, -9 = -4*m + 3*u. Let b(i) = -71*i**2 + 19 + 68*i**2 - 18 + 19*i - 6*i**m. Is b(-8) prime?
True
Suppose -6*b = -63 - 63. Suppose 25*m = 22*m - b. Let i = m + 72. Is i composite?
True
Let b be (14/2 - 10)/(-1*1). Suppose 5*a - 38185 = 4*q - 9*q, -2*q + 15274 = -b*a. Is q prime?
False
Let u(g) be the third derivative of -10/3*g**3 + 13*g**2 + 0*g - 91/24*g**4 + 0. Is u(-9) prime?
False
Let s(b) = -381*b + 25. Let v be s(4). Let c = -958 - v. Is c a prime number?
True
Let d = 151 - 146. Suppose 4*o - 45349 = 3*v - 14930, -d*o + 38032 = -v. Is o a composite number?
False
Suppose -2*q + 15 + 1 = 3*i, -q - 2*i = -9. Suppose -q*w + 3*x + 28020 = 0, -4*w - x = -22334 - 65. Is w a prime number?
False
Is (3 + 5775/9)/((-152)/(-7068)) prime?
False
Let a = -116168 - -207055. Is a composite?
False
Suppose 0*r + 57 = 19*r. Is 2465/r - (-22)/(-33) a prime number?
True
Let q = -534151 - -778349. Is q a composite number?
True
Let j(k) = 3*k**2 + 16*k + 2. Let x(u) = u**2 - u + 1. Suppose 7*t = 3*t + 4. Let y(b) = t*j(b) + 6*x(b). Is y(-9) a composite number?
False
Let q = -204105 + 419350. Is q a composite number?
True
Suppose 0 = 14*j + 64 + 216. Let v = -22 - j. Is (34 - -48) + (1/1 - v) a composite number?
True
Is -24 + (-6173260)/120*-6 prime?
True
Suppose -65*v - 1532155 = -8352410. Is v prime?
False
Suppose -5*d + 5*a = -35, 2*a + a + 32 = 4*d. Let z be (-8)/(-3 + 1) + d. Is 20/z + (-1156)/(-6) a prime number?
False
Suppose -905358 = -57*r + 2939121. Is r prime?
True
Is (-1 + (-15)/(-12))*11/(165/547980) a composite number?
False
Is 32/688 - 31683858/(-86) prime?
False
Is 41/(2050/110109225) - (-7)/(-2) composite?
True
Suppose 30*n = 38*n - 823120. Suppose -15*a = -2605 - n. Is a composite?
True
Is 49179 + (-23 + 15 - 2) a prime number?
True
Let i = -388 + 397. Suppose v + 2234 = i*h - 7*h, 0 = 5*h + 5*v - 5585. Is h a prime number?
True
Let h(f) = 17*f - 11. Let s be h(1). Suppose s*c - 25548 = 12570. Is c prime?
True
Suppose 0 = 16*n - 54*n + 3002. Let p be 3 + (3 - 2) + -2. Suppose n = p*z - 35. Is z a prime number?
False
Suppose 15 = -5*o - 0. Let q be 338/(o/18*3). Let r = q - -1409. Is r a prime number?
True
Let s(n) be the second derivative of 3043*n**5/20 + n**4/3 - 7*n**3/6 + 3*n**2/2 + 6*n - 2. Is s(1) a prime number?
False
Let d(x) = x**3 + 5*x**2 + 196*x - 545. Is d(40) prime?
False
Suppose -132*m = -62*m - 13396390. Is m prime?
False
Let v(f) = -542*f**3 - 2*f**2 + 19*f + 4*f - 23*f - 1. Is v(-2) a prime number?
True
Let j(v) = 786005*v - 1024. Is j(1) a composite number?
False
Let c(s) be the second derivative of s**5/20 + 11*s**4/12 + 4*s**3/3 + 7*s**2 + 12*s. Let g be 4*-5*2/4*1. Is c(g) a composite number?
True
Suppose -1434*d = -1417*d - 5194673. Is d a prime number?
False
Let b(x) be the second derivative of 78*x**5/5 - 3*x**3/2 + 10*x**2 + 43*x. Is b(2) a composite number?
True
Let j(c) = -276*c**3 - 4*c**2 + 6*c - 4. Let w(v) = 554*v**3 + 9*v**2 - 13*v + 9. Let h(r) = -7*j(r) - 3*w(r). Is h(2) a prime number?
False
Let g(h) = 2137*h**2 + 77*h + 217. Is g(-20) a composite number?
False
Suppose -4 = z - 4*w, z + 0*w + w = 16. Suppose -4*b - z = -5*m, 4*m - b = 2*b + 9. Is m + 1 + 2 + 55 prime?
False
Is (-272985)/(-6) + (-2)/3 - (-539)/3234 a composite number?
False
Suppose 4*a - 15 = 5. Suppose 3*h - 1297 = -4*r, -a*r - 3*h + 1620 = 2*h. Let j = r - 104. Is j a composite number?
True
Let c be (-30057)/63 + (-4)/(-42). Let x be c/(-45) + (-9)/15. Suppose 0 = 7*f - x*f + 3615. Is f composite?
True
Is (12 - 16) + 50*(-88405)/(-10) composite?
True
Let g(q) = 7*q - 19. Let j be g(3). Suppose -4*n + 4945 + 7933 = -5*p, 0 = p - j*n + 2572. Let c = -1691 - p. Is c prime?
True
Let q(v) = -36*v**2 + 89*v**2 - 1 + 12*v + 7*v. Let y be q(7). Suppose -k = -f - 2729, 0*f + 2*f = k - y. Is k prime?
True
Let a = -173 - -102. Suppose -45*s + 378 = -18*s. Let g = s - a. Is g a prime number?
False
Suppose -3*p + 10*d - 13*d = -2591442, 2*p - 1727625 = -3*d. Is p a composite number?
True
Let t(x) = -x**3 - 16*x**2 - 19*x + 10. Let m = -87 - -71. Let v be t(m). Suppose 5*u + 19 = v. Is u a prime number?
True
Let g be 50/(-375) + 5834*22/60. Let d = 4210 - g. Is d composite?
True
Is (-3 + 8 - (-1005015 - -56)) + (-2)/2 a prime number?
True
Suppose -2*n - 354 = 3*n - 2*o, 4*n + 270 = -5*o. Let g = n + 74. Suppose -2*y - 4547 = -2*l + 3139, -g*y + 15404 = 4*l. Is l prime?
True
Let y(i) = -i**2 + 2*i + 3. Let b be y(-2). Let z be b*(-1 - (-521)/(-5)). Suppose 0*k - 2*k = -5*o - z, -3*o = -3*k + 771. Is k composite?
True
Let h = 379866 + -72184. Is h a prime number?
False
Is (-127)/((196/7042)/(-14)) prime?
False
Suppose g = -4*p + 820601, 0 = -5*g - 63*p + 64*p + 4102879. Is g prime?
True
Let h = 363 - -276. Let b = h - -518. Is b a composite number?
True
Let o = 27 + 77. Let l = -104 + o. Suppose -10*j + 613 + 10897 = l. Is j a prime number?
True
Suppose 2*j - 8*t + 9*t - 402097 = 0, -1005242 = -5*j - 3*t. Is j a composite number?
False
Let h be 12/(3 - 